{"id":14,"date":"2021-02-11T17:46:17","date_gmt":"2021-02-11T16:46:17","guid":{"rendered":"https:\/\/www.drewelow.de\/frauenarzt\/warnemuende\/?page_id=14"},"modified":"2021-04-16T10:36:54","modified_gmt":"2021-04-16T08:36:54","slug":"leistungen","status":"publish","type":"page","link":"https:\/\/www.drewelow.de\/frauenarzt\/warnemuende\/leistungen\/","title":{"rendered":"Leistungen"},"content":{"rendered":"<p><i class=\"fas fa-hand-holding-heart\"><\/i><\/p>\n<h2>Gesundheit und Medizin sind hochkomplexe Themen<\/h2>\n<div class=\"su-row\"><div class=\"su-column su-column-size-3-4\"><div class=\"su-column-inner su-u-clearfix su-u-trim\">So haben wir uns auf ganz bestimmte Gebiete spezialisiert, damit wir Sie stets kompetent und auf dem neuesten Stand der Wissenschaft behandeln k\u00f6nnen. Regelm\u00e4\u00dfige Weiterbildungen auf diesem Gebiet sind selbstverst\u00e4ndlicher Bestandteil unseres professionellen Anspruchs.<br \/>\n<div class=\"su-spacer\" style=\"height:30px\"><\/div>\n<h3>Sie finden bei uns u.a.:<\/h3>\n<ul class=\"su-subpages\"><li class=\"page_item page-item-332\"><a href=\"https:\/\/www.drewelow.de\/frauenarzt\/warnemuende\/leistungen\/schwangerenbetreuung\/\">Schwangerenbetreuung<\/a><\/li>\n<li class=\"page_item page-item-337\"><a href=\"https:\/\/www.drewelow.de\/frauenarzt\/warnemuende\/leistungen\/maedchensprechstunde\/\">M\u00e4dchensprechstunde<\/a><\/li>\n<li class=\"page_item page-item-339\"><a href=\"https:\/\/www.drewelow.de\/frauenarzt\/warnemuende\/leistungen\/krebsvorsorge-frueherkennung\/\">Krebsvorsorge \/ Fr\u00fcherkennung<\/a><\/li>\n<li class=\"page_item page-item-341\"><a href=\"https:\/\/www.drewelow.de\/frauenarzt\/warnemuende\/leistungen\/krebsnachsorge-tumortherapie\/\">Krebsnachsorge \/ Tumortherapie<\/a><\/li>\n<li class=\"page_item page-item-343\"><a href=\"https:\/\/www.drewelow.de\/frauenarzt\/warnemuende\/leistungen\/kinderwunsch\/\">Kinderwunsch<\/a><\/li>\n<li class=\"page_item page-item-345\"><a href=\"https:\/\/www.drewelow.de\/frauenarzt\/warnemuende\/leistungen\/hormonsprechstunde\/\">Hormonsprechstunde<\/a><\/li>\n<li class=\"page_item page-item-347\"><a href=\"https:\/\/www.drewelow.de\/frauenarzt\/warnemuende\/leistungen\/gynaekologie\/\">Gyn\u00e4kologie<\/a><\/li>\n<li class=\"page_item page-item-335\"><a href=\"https:\/\/www.drewelow.de\/frauenarzt\/warnemuende\/leistungen\/dysplasiesprechstunde\/\">Dysplasiesprechstunde<\/a><\/li>\n<\/ul>\n<p>Dar\u00fcber hinaus stehen wir in engem Kontakt zu Kollegen s\u00e4mtlicher Subspezialisierungen und anderer Fachgebiete, um Ihnen auch bei der L\u00f6sung komplexer Fragestellungen kompetent zur Seite zu stehen.<\/p>\n<p>Sollten Sie dar\u00fcber hinaus Fragen haben, sprechen Sie uns einfach an.<\/div><\/div>\n<div class=\"su-column su-column-size-1-4\"><div class=\"su-column-inner su-u-clearfix su-u-trim\"><img decoding=\"async\" class=\"alignnone size-medium wp-image-402\" src=\"https:\/\/www.drewelow.de\/frauenarzt\/warnemuende\/wp-content\/uploads\/sites\/4\/2021\/04\/frauenaerzte-warnemuende_01.jpg\" alt=\"\" \/><br \/>\n<img decoding=\"async\" class=\"alignnone size-medium wp-image-172\" src=\"https:\/\/www.drewelow.de\/frauenarzt\/wp-content\/uploads\/2021\/04\/warnemuende.jpg\" alt=\"\" \/><br \/>\n<img loading=\"lazy\" decoding=\"async\" width=\"600\" height=\"400\" class=\"alignnone size-medium wp-image-396\" src=\"https:\/\/www.drewelow.de\/frauenarzt\/warnemuende\/wp-content\/uploads\/sites\/4\/2021\/03\/01.jpg\" alt=\"\" srcset=\"https:\/\/www.drewelow.de\/frauenarzt\/warnemuende\/wp-content\/uploads\/sites\/4\/2021\/03\/01.jpg 600w, https:\/\/www.drewelow.de\/frauenarzt\/warnemuende\/wp-content\/uploads\/sites\/4\/2021\/03\/01-300x200.jpg 300w\" sizes=\"auto, (max-width: 600px) 100vw, 600px\" \/><\/div><\/div>\n<\/div>\n","protected":false},"excerpt":{"rendered":"<p>Gesundheit und Medizin sind hochkomplexe Themen<\/p>\n","protected":false},"author":1,"featured_media":0,"parent":0,"menu_order":0,"comment_status":"closed","ping_status":"closed","template":"","meta":{"footnotes":""},"class_list":["post-14","page","type-page","status-publish","hentry"],"yoast_head":"<!-- This site is optimized with the Yoast SEO plugin v26.5 - https:\/\/yoast.com\/wordpress\/plugins\/seo\/ -->\n<title>Frauen\u00e4rzte Drewelow Warnem\u00fcnde - Leistungen<\/title>\n<meta name=\"description\" content=\"Frauenarztpraxis Drewelow in Warnem\u00fcnde - Frauen\u00e4rztin, Gyn\u00e4kologie, Geburtshilfe, Hormonberatung,Kinderwunsch, Operationen, Mifegyne, Frauenarzt\" \/>\n<meta name=\"robots\" content=\"index, follow, max-snippet:-1, max-image-preview:large, max-video-preview:-1\" \/>\n<link rel=\"canonical\" href=\"https:\/\/www.drewelow.de\/frauenarzt\/warnemuende\/leistungen\/\" \/>\n<meta property=\"og:locale\" content=\"de_DE\" \/>\n<meta property=\"og:type\" content=\"article\" \/>\n<meta property=\"og:title\" content=\"Frauen\u00e4rzte Drewelow Warnem\u00fcnde - Leistungen\" \/>\n<meta property=\"og:description\" content=\"Frauenarztpraxis Drewelow in Warnem\u00fcnde - Frauen\u00e4rztin, Gyn\u00e4kologie, Geburtshilfe, Hormonberatung,Kinderwunsch, Operationen, Mifegyne, Frauenarzt\" \/>\n<meta property=\"og:url\" content=\"https:\/\/www.drewelow.de\/frauenarzt\/warnemuende\/leistungen\/\" \/>\n<meta property=\"og:site_name\" content=\"Frauen\u00e4rzte Drewelow Warnem\u00fcnde\" \/>\n<meta property=\"article:modified_time\" content=\"2021-04-16T08:36:54+00:00\" \/>\n<meta property=\"og:image\" content=\"https:\/\/www.drewelow.de\/frauenarzt\/warnemuende\/wp-content\/uploads\/sites\/4\/2021\/04\/frauenaerzte-warnemuende_01.jpg\" \/>\n<meta name=\"twitter:card\" content=\"summary_large_image\" \/>\n<meta name=\"twitter:label1\" content=\"Gesch\u00e4tzte Lesezeit\" \/>\n\t<meta name=\"twitter:data1\" content=\"2\u00a0Minuten\" \/>\n<script type=\"application\/ld+json\" class=\"yoast-schema-graph\">{\"@context\":\"https:\/\/schema.org\",\"@graph\":[{\"@type\":\"WebPage\",\"@id\":\"https:\/\/www.drewelow.de\/frauenarzt\/warnemuende\/leistungen\/\",\"url\":\"https:\/\/www.drewelow.de\/frauenarzt\/warnemuende\/leistungen\/\",\"name\":\"Frauen\u00e4rzte Drewelow Warnem\u00fcnde - Leistungen\",\"isPartOf\":{\"@id\":\"https:\/\/www.drewelow.de\/frauenarzt\/warnemuende\/#website\"},\"primaryImageOfPage\":{\"@id\":\"https:\/\/www.drewelow.de\/frauenarzt\/warnemuende\/leistungen\/#primaryimage\"},\"image\":{\"@id\":\"https:\/\/www.drewelow.de\/frauenarzt\/warnemuende\/leistungen\/#primaryimage\"},\"thumbnailUrl\":\"https:\/\/www.drewelow.de\/frauenarzt\/warnemuende\/wp-content\/uploads\/sites\/4\/2021\/04\/frauenaerzte-warnemuende_01.jpg\",\"datePublished\":\"2021-02-11T16:46:17+00:00\",\"dateModified\":\"2021-04-16T08:36:54+00:00\",\"description\":\"Frauenarztpraxis Drewelow in Warnem\u00fcnde - Frauen\u00e4rztin, Gyn\u00e4kologie, Geburtshilfe, Hormonberatung,Kinderwunsch, Operationen, Mifegyne, Frauenarzt\",\"breadcrumb\":{\"@id\":\"https:\/\/www.drewelow.de\/frauenarzt\/warnemuende\/leistungen\/#breadcrumb\"},\"inLanguage\":\"de\",\"potentialAction\":[{\"@type\":\"ReadAction\",\"target\":[\"https:\/\/www.drewelow.de\/frauenarzt\/warnemuende\/leistungen\/\"]}]},{\"@type\":\"ImageObject\",\"inLanguage\":\"de\",\"@id\":\"https:\/\/www.drewelow.de\/frauenarzt\/warnemuende\/leistungen\/#primaryimage\",\"url\":\"https:\/\/www.drewelow.de\/frauenarzt\/warnemuende\/wp-content\/uploads\/sites\/4\/2021\/04\/frauenaerzte-warnemuende_01.jpg\",\"contentUrl\":\"https:\/\/www.drewelow.de\/frauenarzt\/warnemuende\/wp-content\/uploads\/sites\/4\/2021\/04\/frauenaerzte-warnemuende_01.jpg\",\"width\":900,\"height\":568},{\"@type\":\"BreadcrumbList\",\"@id\":\"https:\/\/www.drewelow.de\/frauenarzt\/warnemuende\/leistungen\/#breadcrumb\",\"itemListElement\":[{\"@type\":\"ListItem\",\"position\":1,\"name\":\"Startseite\",\"item\":\"https:\/\/www.drewelow.de\/frauenarzt\/warnemuende\/\"},{\"@type\":\"ListItem\",\"position\":2,\"name\":\"Leistungen\"}]},{\"@type\":\"WebSite\",\"@id\":\"https:\/\/www.drewelow.de\/frauenarzt\/warnemuende\/#website\",\"url\":\"https:\/\/www.drewelow.de\/frauenarzt\/warnemuende\/\",\"name\":\"Frauen\u00e4rzte Drewelow Warnem\u00fcnde\",\"description\":\"\",\"publisher\":{\"@id\":\"https:\/\/www.drewelow.de\/frauenarzt\/warnemuende\/#organization\"},\"potentialAction\":[{\"@type\":\"SearchAction\",\"target\":{\"@type\":\"EntryPoint\",\"urlTemplate\":\"https:\/\/www.drewelow.de\/frauenarzt\/warnemuende\/?s={search_term_string}\"},\"query-input\":{\"@type\":\"PropertyValueSpecification\",\"valueRequired\":true,\"valueName\":\"search_term_string\"}}],\"inLanguage\":\"de\"},{\"@type\":\"Organization\",\"@id\":\"https:\/\/www.drewelow.de\/frauenarzt\/warnemuende\/#organization\",\"name\":\"Frauen\u00e4rzte Drewelow Warnem\u00fcnde\",\"url\":\"https:\/\/www.drewelow.de\/frauenarzt\/warnemuende\/\",\"logo\":{\"@type\":\"ImageObject\",\"inLanguage\":\"de\",\"@id\":\"https:\/\/www.drewelow.de\/frauenarzt\/warnemuende\/#\/schema\/logo\/image\/\",\"url\":\"https:\/\/www.drewelow.de\/frauenarzt\/warnemuende\/wp-content\/uploads\/sites\/4\/2021\/02\/logo_header.png\",\"contentUrl\":\"https:\/\/www.drewelow.de\/frauenarzt\/warnemuende\/wp-content\/uploads\/sites\/4\/2021\/02\/logo_header.png\",\"width\":600,\"height\":230,\"caption\":\"Frauen\u00e4rzte Drewelow Warnem\u00fcnde\"},\"image\":{\"@id\":\"https:\/\/www.drewelow.de\/frauenarzt\/warnemuende\/#\/schema\/logo\/image\/\"}}]}<\/script>\n<!-- \/ Yoast SEO plugin. -->","yoast_head_json":{"title":"Frauen\u00e4rzte Drewelow Warnem\u00fcnde - Leistungen","description":"Frauenarztpraxis Drewelow in Warnem\u00fcnde - Frauen\u00e4rztin, Gyn\u00e4kologie, Geburtshilfe, Hormonberatung,Kinderwunsch, Operationen, Mifegyne, Frauenarzt","robots":{"index":"index","follow":"follow","max-snippet":"max-snippet:-1","max-image-preview":"max-image-preview:large","max-video-preview":"max-video-preview:-1"},"canonical":"https:\/\/www.drewelow.de\/frauenarzt\/warnemuende\/leistungen\/","og_locale":"de_DE","og_type":"article","og_title":"Frauen\u00e4rzte Drewelow Warnem\u00fcnde - Leistungen","og_description":"Frauenarztpraxis Drewelow in Warnem\u00fcnde - Frauen\u00e4rztin, Gyn\u00e4kologie, Geburtshilfe, Hormonberatung,Kinderwunsch, Operationen, Mifegyne, Frauenarzt","og_url":"https:\/\/www.drewelow.de\/frauenarzt\/warnemuende\/leistungen\/","og_site_name":"Frauen\u00e4rzte Drewelow Warnem\u00fcnde","article_modified_time":"2021-04-16T08:36:54+00:00","og_image":[{"url":"https:\/\/www.drewelow.de\/frauenarzt\/warnemuende\/wp-content\/uploads\/sites\/4\/2021\/04\/frauenaerzte-warnemuende_01.jpg","type":"","width":"","height":""}],"twitter_card":"summary_large_image","twitter_misc":{"Gesch\u00e4tzte Lesezeit":"2\u00a0Minuten"},"schema":{"@context":"https:\/\/schema.org","@graph":[{"@type":"WebPage","@id":"https:\/\/www.drewelow.de\/frauenarzt\/warnemuende\/leistungen\/","url":"https:\/\/www.drewelow.de\/frauenarzt\/warnemuende\/leistungen\/","name":"Frauen\u00e4rzte Drewelow Warnem\u00fcnde - Leistungen","isPartOf":{"@id":"https:\/\/www.drewelow.de\/frauenarzt\/warnemuende\/#website"},"primaryImageOfPage":{"@id":"https:\/\/www.drewelow.de\/frauenarzt\/warnemuende\/leistungen\/#primaryimage"},"image":{"@id":"https:\/\/www.drewelow.de\/frauenarzt\/warnemuende\/leistungen\/#primaryimage"},"thumbnailUrl":"https:\/\/www.drewelow.de\/frauenarzt\/warnemuende\/wp-content\/uploads\/sites\/4\/2021\/04\/frauenaerzte-warnemuende_01.jpg","datePublished":"2021-02-11T16:46:17+00:00","dateModified":"2021-04-16T08:36:54+00:00","description":"Frauenarztpraxis Drewelow in Warnem\u00fcnde - Frauen\u00e4rztin, Gyn\u00e4kologie, Geburtshilfe, Hormonberatung,Kinderwunsch, Operationen, Mifegyne, Frauenarzt","breadcrumb":{"@id":"https:\/\/www.drewelow.de\/frauenarzt\/warnemuende\/leistungen\/#breadcrumb"},"inLanguage":"de","potentialAction":[{"@type":"ReadAction","target":["https:\/\/www.drewelow.de\/frauenarzt\/warnemuende\/leistungen\/"]}]},{"@type":"ImageObject","inLanguage":"de","@id":"https:\/\/www.drewelow.de\/frauenarzt\/warnemuende\/leistungen\/#primaryimage","url":"https:\/\/www.drewelow.de\/frauenarzt\/warnemuende\/wp-content\/uploads\/sites\/4\/2021\/04\/frauenaerzte-warnemuende_01.jpg","contentUrl":"https:\/\/www.drewelow.de\/frauenarzt\/warnemuende\/wp-content\/uploads\/sites\/4\/2021\/04\/frauenaerzte-warnemuende_01.jpg","width":900,"height":568},{"@type":"BreadcrumbList","@id":"https:\/\/www.drewelow.de\/frauenarzt\/warnemuende\/leistungen\/#breadcrumb","itemListElement":[{"@type":"ListItem","position":1,"name":"Startseite","item":"https:\/\/www.drewelow.de\/frauenarzt\/warnemuende\/"},{"@type":"ListItem","position":2,"name":"Leistungen"}]},{"@type":"WebSite","@id":"https:\/\/www.drewelow.de\/frauenarzt\/warnemuende\/#website","url":"https:\/\/www.drewelow.de\/frauenarzt\/warnemuende\/","name":"Frauen\u00e4rzte Drewelow Warnem\u00fcnde","description":"","publisher":{"@id":"https:\/\/www.drewelow.de\/frauenarzt\/warnemuende\/#organization"},"potentialAction":[{"@type":"SearchAction","target":{"@type":"EntryPoint","urlTemplate":"https:\/\/www.drewelow.de\/frauenarzt\/warnemuende\/?s={search_term_string}"},"query-input":{"@type":"PropertyValueSpecification","valueRequired":true,"valueName":"search_term_string"}}],"inLanguage":"de"},{"@type":"Organization","@id":"https:\/\/www.drewelow.de\/frauenarzt\/warnemuende\/#organization","name":"Frauen\u00e4rzte Drewelow Warnem\u00fcnde","url":"https:\/\/www.drewelow.de\/frauenarzt\/warnemuende\/","logo":{"@type":"ImageObject","inLanguage":"de","@id":"https:\/\/www.drewelow.de\/frauenarzt\/warnemuende\/#\/schema\/logo\/image\/","url":"https:\/\/www.drewelow.de\/frauenarzt\/warnemuende\/wp-content\/uploads\/sites\/4\/2021\/02\/logo_header.png","contentUrl":"https:\/\/www.drewelow.de\/frauenarzt\/warnemuende\/wp-content\/uploads\/sites\/4\/2021\/02\/logo_header.png","width":600,"height":230,"caption":"Frauen\u00e4rzte Drewelow Warnem\u00fcnde"},"image":{"@id":"https:\/\/www.drewelow.de\/frauenarzt\/warnemuende\/#\/schema\/logo\/image\/"}}]}},"_links":{"self":[{"href":"https:\/\/www.drewelow.de\/frauenarzt\/warnemuende\/wp-json\/wp\/v2\/pages\/14","targetHints":{"allow":["GET"]}}],"collection":[{"href":"https:\/\/www.drewelow.de\/frauenarzt\/warnemuende\/wp-json\/wp\/v2\/pages"}],"about":[{"href":"https:\/\/www.drewelow.de\/frauenarzt\/warnemuende\/wp-json\/wp\/v2\/types\/page"}],"author":[{"embeddable":true,"href":"https:\/\/www.drewelow.de\/frauenarzt\/warnemuende\/wp-json\/wp\/v2\/users\/1"}],"replies":[{"embeddable":true,"href":"https:\/\/www.drewelow.de\/frauenarzt\/warnemuende\/wp-json\/wp\/v2\/comments?post=14"}],"version-history":[{"count":31,"href":"https:\/\/www.drewelow.de\/frauenarzt\/warnemuende\/wp-json\/wp\/v2\/pages\/14\/revisions"}],"predecessor-version":[{"id":836,"href":"https:\/\/www.drewelow.de\/frauenarzt\/warnemuende\/wp-json\/wp\/v2\/pages\/14\/revisions\/836"}],"wp:attachment":[{"href":"https:\/\/www.drewelow.de\/frauenarzt\/warnemuende\/wp-json\/wp\/v2\/media?parent=14"}],"curies":[{"name":"wp","href":"https:\/\/api.w.org\/{rel}","templated":true}]}}