{"id":3,"date":"2021-02-11T14:44:52","date_gmt":"2021-02-11T13:44:52","guid":{"rendered":"https:\/\/www.drewelow.de\/frauenarzt\/?page_id=3"},"modified":"2021-04-14T09:34:25","modified_gmt":"2021-04-14T07:34:25","slug":"datenschutz","status":"publish","type":"page","link":"https:\/\/www.drewelow.de\/frauenarzt\/datenschutz\/","title":{"rendered":"Datenschutzerkl\u00e4rung"},"content":{"rendered":"<p>Die Datenschutzerkl\u00e4rung wird gegenw\u00e4rtig \u00fcberarbeitet.<\/p>\n<p>Datenschutzbeauftragte ist Frau Ines Stamm.<\/p>\n","protected":false},"excerpt":{"rendered":"<p>Die Datenschutzerkl\u00e4rung wird gegenw\u00e4rtig \u00fcberarbeitet. Datenschutzbeauftragte ist Frau Ines Stamm.<\/p>\n","protected":false},"author":1,"featured_media":804,"parent":0,"menu_order":0,"comment_status":"closed","ping_status":"open","template":"","meta":{"footnotes":""},"class_list":["post-3","page","type-page","status-publish","has-post-thumbnail","hentry"],"yoast_head":"<!-- This site is optimized with the Yoast SEO plugin v26.5 - https:\/\/yoast.com\/wordpress\/plugins\/seo\/ -->\n<title>Frauen\u00e4rzte Drewelow - Datenschutzerkl\u00e4rung<\/title>\n<meta name=\"description\" content=\"Frauenarztpraxis Drewelow in Rostock, Warnem\u00fcnde und B\u00fctzow - Gyn\u00e4kologie, Geburtshilfe, Hormonberatung,Kinderwunsch, Operationen, Mifegyne\" \/>\n<meta name=\"robots\" content=\"index, follow, max-snippet:-1, max-image-preview:large, max-video-preview:-1\" \/>\n<link rel=\"canonical\" href=\"https:\/\/www.drewelow.de\/frauenarzt\/datenschutz\/\" \/>\n<meta property=\"og:locale\" content=\"de_DE\" \/>\n<meta property=\"og:type\" content=\"article\" \/>\n<meta property=\"og:title\" content=\"Frauen\u00e4rzte Drewelow - Datenschutzerkl\u00e4rung\" \/>\n<meta property=\"og:description\" content=\"Frauenarztpraxis Drewelow in Rostock, Warnem\u00fcnde und B\u00fctzow - Gyn\u00e4kologie, Geburtshilfe, Hormonberatung,Kinderwunsch, Operationen, Mifegyne\" \/>\n<meta property=\"og:url\" content=\"https:\/\/www.drewelow.de\/frauenarzt\/datenschutz\/\" \/>\n<meta property=\"og:site_name\" content=\"Frauen\u00e4rzte Drewelow\" \/>\n<meta property=\"article:modified_time\" content=\"2021-04-14T07:34:25+00:00\" \/>\n<meta property=\"og:image\" content=\"https:\/\/www.drewelow.de\/frauenarzt\/wp-content\/uploads\/2021\/04\/datenschutz.jpg\" \/>\n\t<meta property=\"og:image:width\" content=\"1200\" \/>\n\t<meta property=\"og:image:height\" content=\"500\" \/>\n\t<meta property=\"og:image:type\" content=\"image\/jpeg\" \/>\n<meta name=\"twitter:card\" content=\"summary_large_image\" \/>\n<script type=\"application\/ld+json\" class=\"yoast-schema-graph\">{\"@context\":\"https:\/\/schema.org\",\"@graph\":[{\"@type\":\"WebPage\",\"@id\":\"https:\/\/www.drewelow.de\/frauenarzt\/datenschutz\/\",\"url\":\"https:\/\/www.drewelow.de\/frauenarzt\/datenschutz\/\",\"name\":\"Frauen\u00e4rzte Drewelow - Datenschutzerkl\u00e4rung\",\"isPartOf\":{\"@id\":\"https:\/\/www.drewelow.de\/frauenarzt\/#website\"},\"primaryImageOfPage\":{\"@id\":\"https:\/\/www.drewelow.de\/frauenarzt\/datenschutz\/#primaryimage\"},\"image\":{\"@id\":\"https:\/\/www.drewelow.de\/frauenarzt\/datenschutz\/#primaryimage\"},\"thumbnailUrl\":\"https:\/\/www.drewelow.de\/frauenarzt\/wp-content\/uploads\/2021\/04\/datenschutz.jpg\",\"datePublished\":\"2021-02-11T13:44:52+00:00\",\"dateModified\":\"2021-04-14T07:34:25+00:00\",\"description\":\"Frauenarztpraxis Drewelow in Rostock, Warnem\u00fcnde und B\u00fctzow - Gyn\u00e4kologie, Geburtshilfe, Hormonberatung,Kinderwunsch, Operationen, Mifegyne\",\"breadcrumb\":{\"@id\":\"https:\/\/www.drewelow.de\/frauenarzt\/datenschutz\/#breadcrumb\"},\"inLanguage\":\"de\",\"potentialAction\":[{\"@type\":\"ReadAction\",\"target\":[\"https:\/\/www.drewelow.de\/frauenarzt\/datenschutz\/\"]}]},{\"@type\":\"ImageObject\",\"inLanguage\":\"de\",\"@id\":\"https:\/\/www.drewelow.de\/frauenarzt\/datenschutz\/#primaryimage\",\"url\":\"https:\/\/www.drewelow.de\/frauenarzt\/wp-content\/uploads\/2021\/04\/datenschutz.jpg\",\"contentUrl\":\"https:\/\/www.drewelow.de\/frauenarzt\/wp-content\/uploads\/2021\/04\/datenschutz.jpg\",\"width\":1200,\"height\":500},{\"@type\":\"BreadcrumbList\",\"@id\":\"https:\/\/www.drewelow.de\/frauenarzt\/datenschutz\/#breadcrumb\",\"itemListElement\":[{\"@type\":\"ListItem\",\"position\":1,\"name\":\"Startseite\",\"item\":\"https:\/\/www.drewelow.de\/frauenarzt\/\"},{\"@type\":\"ListItem\",\"position\":2,\"name\":\"Datenschutzerkl\u00e4rung\"}]},{\"@type\":\"WebSite\",\"@id\":\"https:\/\/www.drewelow.de\/frauenarzt\/#website\",\"url\":\"https:\/\/www.drewelow.de\/frauenarzt\/\",\"name\":\"Frauen\u00e4rzte Drewelow\",\"description\":\"\",\"publisher\":{\"@id\":\"https:\/\/www.drewelow.de\/frauenarzt\/#organization\"},\"potentialAction\":[{\"@type\":\"SearchAction\",\"target\":{\"@type\":\"EntryPoint\",\"urlTemplate\":\"https:\/\/www.drewelow.de\/frauenarzt\/?s={search_term_string}\"},\"query-input\":{\"@type\":\"PropertyValueSpecification\",\"valueRequired\":true,\"valueName\":\"search_term_string\"}}],\"inLanguage\":\"de\"},{\"@type\":\"Organization\",\"@id\":\"https:\/\/www.drewelow.de\/frauenarzt\/#organization\",\"name\":\"Frauen\u00e4rzte Drewelow\",\"url\":\"https:\/\/www.drewelow.de\/frauenarzt\/\",\"logo\":{\"@type\":\"ImageObject\",\"inLanguage\":\"de\",\"@id\":\"https:\/\/www.drewelow.de\/frauenarzt\/#\/schema\/logo\/image\/\",\"url\":\"https:\/\/www.drewelow.de\/frauenarzt\/wp-content\/uploads\/2021\/02\/logo_header.png\",\"contentUrl\":\"https:\/\/www.drewelow.de\/frauenarzt\/wp-content\/uploads\/2021\/02\/logo_header.png\",\"width\":600,\"height\":230,\"caption\":\"Frauen\u00e4rzte Drewelow\"},\"image\":{\"@id\":\"https:\/\/www.drewelow.de\/frauenarzt\/#\/schema\/logo\/image\/\"}}]}<\/script>\n<!-- \/ Yoast SEO plugin. -->","yoast_head_json":{"title":"Frauen\u00e4rzte Drewelow - Datenschutzerkl\u00e4rung","description":"Frauenarztpraxis Drewelow in Rostock, Warnem\u00fcnde und B\u00fctzow - Gyn\u00e4kologie, Geburtshilfe, Hormonberatung,Kinderwunsch, Operationen, Mifegyne","robots":{"index":"index","follow":"follow","max-snippet":"max-snippet:-1","max-image-preview":"max-image-preview:large","max-video-preview":"max-video-preview:-1"},"canonical":"https:\/\/www.drewelow.de\/frauenarzt\/datenschutz\/","og_locale":"de_DE","og_type":"article","og_title":"Frauen\u00e4rzte Drewelow - Datenschutzerkl\u00e4rung","og_description":"Frauenarztpraxis Drewelow in Rostock, Warnem\u00fcnde und B\u00fctzow - Gyn\u00e4kologie, Geburtshilfe, Hormonberatung,Kinderwunsch, Operationen, Mifegyne","og_url":"https:\/\/www.drewelow.de\/frauenarzt\/datenschutz\/","og_site_name":"Frauen\u00e4rzte Drewelow","article_modified_time":"2021-04-14T07:34:25+00:00","og_image":[{"width":1200,"height":500,"url":"https:\/\/www.drewelow.de\/frauenarzt\/wp-content\/uploads\/2021\/04\/datenschutz.jpg","type":"image\/jpeg"}],"twitter_card":"summary_large_image","schema":{"@context":"https:\/\/schema.org","@graph":[{"@type":"WebPage","@id":"https:\/\/www.drewelow.de\/frauenarzt\/datenschutz\/","url":"https:\/\/www.drewelow.de\/frauenarzt\/datenschutz\/","name":"Frauen\u00e4rzte Drewelow - Datenschutzerkl\u00e4rung","isPartOf":{"@id":"https:\/\/www.drewelow.de\/frauenarzt\/#website"},"primaryImageOfPage":{"@id":"https:\/\/www.drewelow.de\/frauenarzt\/datenschutz\/#primaryimage"},"image":{"@id":"https:\/\/www.drewelow.de\/frauenarzt\/datenschutz\/#primaryimage"},"thumbnailUrl":"https:\/\/www.drewelow.de\/frauenarzt\/wp-content\/uploads\/2021\/04\/datenschutz.jpg","datePublished":"2021-02-11T13:44:52+00:00","dateModified":"2021-04-14T07:34:25+00:00","description":"Frauenarztpraxis Drewelow in Rostock, Warnem\u00fcnde und B\u00fctzow - Gyn\u00e4kologie, Geburtshilfe, Hormonberatung,Kinderwunsch, Operationen, Mifegyne","breadcrumb":{"@id":"https:\/\/www.drewelow.de\/frauenarzt\/datenschutz\/#breadcrumb"},"inLanguage":"de","potentialAction":[{"@type":"ReadAction","target":["https:\/\/www.drewelow.de\/frauenarzt\/datenschutz\/"]}]},{"@type":"ImageObject","inLanguage":"de","@id":"https:\/\/www.drewelow.de\/frauenarzt\/datenschutz\/#primaryimage","url":"https:\/\/www.drewelow.de\/frauenarzt\/wp-content\/uploads\/2021\/04\/datenschutz.jpg","contentUrl":"https:\/\/www.drewelow.de\/frauenarzt\/wp-content\/uploads\/2021\/04\/datenschutz.jpg","width":1200,"height":500},{"@type":"BreadcrumbList","@id":"https:\/\/www.drewelow.de\/frauenarzt\/datenschutz\/#breadcrumb","itemListElement":[{"@type":"ListItem","position":1,"name":"Startseite","item":"https:\/\/www.drewelow.de\/frauenarzt\/"},{"@type":"ListItem","position":2,"name":"Datenschutzerkl\u00e4rung"}]},{"@type":"WebSite","@id":"https:\/\/www.drewelow.de\/frauenarzt\/#website","url":"https:\/\/www.drewelow.de\/frauenarzt\/","name":"Frauen\u00e4rzte Drewelow","description":"","publisher":{"@id":"https:\/\/www.drewelow.de\/frauenarzt\/#organization"},"potentialAction":[{"@type":"SearchAction","target":{"@type":"EntryPoint","urlTemplate":"https:\/\/www.drewelow.de\/frauenarzt\/?s={search_term_string}"},"query-input":{"@type":"PropertyValueSpecification","valueRequired":true,"valueName":"search_term_string"}}],"inLanguage":"de"},{"@type":"Organization","@id":"https:\/\/www.drewelow.de\/frauenarzt\/#organization","name":"Frauen\u00e4rzte Drewelow","url":"https:\/\/www.drewelow.de\/frauenarzt\/","logo":{"@type":"ImageObject","inLanguage":"de","@id":"https:\/\/www.drewelow.de\/frauenarzt\/#\/schema\/logo\/image\/","url":"https:\/\/www.drewelow.de\/frauenarzt\/wp-content\/uploads\/2021\/02\/logo_header.png","contentUrl":"https:\/\/www.drewelow.de\/frauenarzt\/wp-content\/uploads\/2021\/02\/logo_header.png","width":600,"height":230,"caption":"Frauen\u00e4rzte Drewelow"},"image":{"@id":"https:\/\/www.drewelow.de\/frauenarzt\/#\/schema\/logo\/image\/"}}]}},"_links":{"self":[{"href":"https:\/\/www.drewelow.de\/frauenarzt\/wp-json\/wp\/v2\/pages\/3","targetHints":{"allow":["GET"]}}],"collection":[{"href":"https:\/\/www.drewelow.de\/frauenarzt\/wp-json\/wp\/v2\/pages"}],"about":[{"href":"https:\/\/www.drewelow.de\/frauenarzt\/wp-json\/wp\/v2\/types\/page"}],"author":[{"embeddable":true,"href":"https:\/\/www.drewelow.de\/frauenarzt\/wp-json\/wp\/v2\/users\/1"}],"replies":[{"embeddable":true,"href":"https:\/\/www.drewelow.de\/frauenarzt\/wp-json\/wp\/v2\/comments?post=3"}],"version-history":[{"count":4,"href":"https:\/\/www.drewelow.de\/frauenarzt\/wp-json\/wp\/v2\/pages\/3\/revisions"}],"predecessor-version":[{"id":803,"href":"https:\/\/www.drewelow.de\/frauenarzt\/wp-json\/wp\/v2\/pages\/3\/revisions\/803"}],"wp:featuredmedia":[{"embeddable":true,"href":"https:\/\/www.drewelow.de\/frauenarzt\/wp-json\/wp\/v2\/media\/804"}],"wp:attachment":[{"href":"https:\/\/www.drewelow.de\/frauenarzt\/wp-json\/wp\/v2\/media?parent=3"}],"curies":[{"name":"wp","href":"https:\/\/api.w.org\/{rel}","templated":true}]}}